o). What is the units digit of m(18)?
4
Suppose -24*o + 116 = -1732. Let h = o + -7. What is the units digit of h?
0
Suppose 0*n - 5*n = -6910. Suppose 2*u - 398 = n. Suppose -9*a + u = -4*a. What is the hundreds digit of a?
1
Let w = 9 - 30. Suppose -4*x = k - 56, -2*k - 118 = -4*x - 50. Let n = x - w. What is the tens digit of n?
3
Let t be (-2)/((-4)/(-10)) - -8. Suppose 0*j + u = 4*j - 12, j = -2*u + t. Suppose -x - j = -4. What is the units digit of x?
1
Suppose -72*w + 614243 + 763981 = 0. What is the thousands digit of w?
9
Suppose 7*h + 354 = -10. Let g = -48 - h. Suppose 0 = 3*o - 15, -g*v = 3*o - 347. What is the tens digit of v?
8
Let z(h) = 600*h**2 - 159*h - 315. What is the tens digit of z(-2)?
0
Let g be (-331)/(-3)*-3 + -2. Let x = 546 + g. What is the tens digit of x?
1
Let o(v) = 24*v**2 - 9*v - 29. Let k(g) = 2*g - 36. Let p be k(15). What is the hundreds digit of o(p)?
8
Let j(q) = -9*q - 5. Let k be j(5). Let c = k - -8. What is the units digit of c/(-4)*2*2?
2
Let g = 405 + -90. Suppose -4995 = -15*r + g. What is the tens digit of r?
5
Suppose 0 = -n + 3*o + 28151, 147*n - 5*o + 112485 = 151*n. What is the hundreds digit of n?
1
Let u(d) be the third derivative of -2*d**4/3 + 17*d**3/3 + 134*d**2 + 3*d. Suppose m - 2*z = -2, 5*z + 33 = -4*m - 14. What is the hundreds digit of u(m)?
1
Let c(p) = -p - 71. Suppose -4*o - 64 - 28 = 0. Let l be c(o). Let f = l + 127. What is the units digit of f?
9
What is the tens digit of (6783/(-34))/(12/(-472))?
4
Suppose -11*l = -150494 + 54794. What is the units digit of l?
0
Suppose 5*w - 292138 = -44*w - 0*w. What is the tens digit of w?
6
Suppose -2055324 - 1361899 = -118*q - 192283. What is the hundreds digit of q?
3
Let q = -76 - -80. Suppose 4*b - 8*b = -5*a + 31, -2*a = q*b - 18. Let u(l) = 4*l**2 - 10*l - 14. What is the hundreds digit of u(a)?
1
Suppose 3*o + 45093 = 2*u + 6*o, -3*u + 67672 = -2*o. What is the tens digit of u?
5
Let t be -3 - 1 - (-28)/4. Suppose -572 = -t*a - 113. What is the units digit of a?
3
Suppose -14*w + 447418 = 45870. What is the hundreds digit of w?
6
Let t be 1/((-9)/2) + 128024/117. Suppose c - 46 = -4*r + 1033, 4*r = 2*c + t. What is the hundreds digit of r?
2
Let o = -135 - -82. Let z = -10 + o. Let y = z - -112. What is the units digit of y?
9
Let x be 0 + (-5)/((-20)/184) + -4. Suppose -x = -8*y + 2*y. Suppose 0 = -r + 17 + y. What is the units digit of r?
4
Let y = 22768 - -1488. What is the thousands digit of y?
4
Let c(r) = -r**3 + 3*r**2 - 1. Suppose 5*a + 0*a = -5. Let w be c(a). What is the tens digit of -8*(w + (-70)/8)?
4
Let p(h) be the second derivative of -9*h - 3*h**2 + 3/2*h**3 - 1/20*h**5 + 0 + 2/3*h**4. What is the tens digit of p(8)?
6
Suppose 5*f = 32*f - 7624 - 613538. What is the thousands digit of f?
3
Let v be 483/7*(-4)/6. Let n = 53 + v. What is the units digit of 119 - 6*1*n/14?
6
Suppose -24*i + 323285 = -170563. What is the tens digit of i?
7
Let w = 3083 + -763. What is the thousands digit of w?
2
Let a(y) = 7*y**2 + 19*y + 39. Let t be a(16). Suppose 13*v = 6*v + t. Suppose 2*d = b - 17 - 54, 0 = -4*b + d + v. What is the units digit of b?
7
Let d(u) be the second derivative of u**5/20 - 23*u**4/24 - 19*u**3/6 + 9*u. Let b(c) be the second derivative of d(c). What is the units digit of b(5)?
7
Suppose 3*y - 3 = 0, -4*s - 4*y + 1 + 7 = 0. Let c be (3/s)/(18/162). What is the units digit of c/(((-45)/10)/(-9))?
4
Suppose 4*k = 4*o + 4, k + o + o = 7. Suppose 5*q + 2*s - 136 = 0, -q + 5*s + 20 = k*s. What is the tens digit of q?
2
Let w be 2094/(-14) - 19/(1463/(-44)). Let j = w - -578. What is the units digit of j?
9
Suppose 0 = -5*u + 7672 + 4888. Suppose u = 9*g - g. What is the tens digit of g?
1
What is the hundreds digit of 7211281/187 - (-11 - 2)?
5
Let v be (10 + 51/(-6))*-2*443. Let u = v + 1885. What is the units digit of u?
6
Suppose 43783 = 17*t - 43172. What is the tens digit of t?
1
Suppose -3*q - 1776 + 9453 = 0. What is the thousands digit of q?
2
Let m be -15*(-2 + (-18)/(-15)). Let t(o) be the third derivative of o**4/3 - 13*o**3/6 - 3*o**2 - 41*o. What is the units digit of t(m)?
3
Let y(d) = 203*d + 3. Let f(q) = -135*q - 2. Let a = 10 - 3. Let x(t) = a*f(t) + 5*y(t). What is the units digit of x(2)?
1
Let a(w) = -31*w**3 - 30*w**2 + 5*w + 27. What is the ten thousands digit of a(-9)?
2
Suppose -2*d + 4*o = 0, -8 = -5*d + 6*o - 4*o. Let c(h) = 87 - h**3 + 31*h**d - 30*h**2 + h + 0*h**3. What is the tens digit of c(0)?
8
Let o = 1961 - 3534. Let i = -1057 - o. Suppose 0*g - i = -3*g. What is the tens digit of g?
7
Let l = 489 - 491. What is the tens digit of l/(8466/2826 + -3)?
7
What is the hundreds digit of 100/90 - (-298506)/54?
5
Let y(u) = 69*u + 136. Let q be y(17). Suppose -6*f + q + 1163 = 0. What is the units digit of f?
2
Suppose -2*o = -0*o - 5*h - 2288, -3*h = -5*o + 5682. Suppose 5*n = 12*n + o. Let y = -107 - n. What is the tens digit of y?
5
Let b be -2 + 2 + (5 - 4) - 1. Suppose 4*f - s - 1877 = b, 935 = 2*f - 2*s + 5*s. What is the hundreds digit of f?
4
Let g be (0 + 0)/(-3) + (-1 - 3). Let p(v) = v**3 + 3*v**2 + v + 1. Let u be p(-3). What is the tens digit of (0 + -90 + u)*(3 + g)?
9
Let x(s) = s**2 - 2*s - 9. Let k be x(-5). Let r = k - 22. Suppose 6*o - r*o = 4*l + 6, 2*o - 51 = -5*l. What is the units digit of o?
3
Let i(z) = 3*z - 85. Let l be i(31). Suppose -360 = 4*d + l*d. Let g = d - -60. What is the tens digit of g?
3
Suppose 2*k + 44 = 46. Let f be 19 + -25 - k*-4. What is the hundreds digit of -1 + f + 1 - -263?
2
Let r = -267 - -288. Let p(m) = -m**3 + 23*m**2 - 19*m - 21. What is the hundreds digit of p(r)?
4
Let b(o) = 17*o - 4*o - 7*o + 8*o + 14*o - 164. What is the hundreds digit of b(47)?
1
Suppose 16*g - 198*g = 282612 - 695206. What is the tens digit of g?
6
Suppose 2*y = -2*i - 3 + 89, -3*i + 3*y = -99. Suppose -q + 772 - i = 0. What is the hundreds digit of q?
7
Suppose -4*x = u - 20848, 25*u - 27*u = 2*x - 10418. What is the thousands digit of x?
5
Let z(i) = i**3 - 11*i**2 + 22*i - 35. What is the units digit of z(16)?
7
Let b be (-12)/30*(-15270)/3. Let y = -1248 + b. What is the tens digit of y?
8
Let r = -49 + -52. Let q be r/(-3) - 32/48. Let n = q + -12. What is the tens digit of n?
2
Let h(t) be the first derivative of -12 - 13/2*t**2 - 7*t. What is the units digit of h(-5)?
8
Let y(w) = 35*w + 30. Let p be -4 - 15/(75/(-70)). What is the tens digit of y(p)?
8
Let f(z) = z**3 - 6*z**2 - 7*z. Let s be f(7). What is the hundreds digit of s + (-12)/4 + (-309)/(-3)?
1
Let m(v) = -4352*v - 728. What is the hundreds digit of m(-1)?
6
Suppose 284*x - 3435792 = 36*x. What is the hundreds digit of x?
8
Suppose 0 = 2*g + 3*d + 9, -2*g + d = g + 8. What is the tens digit of 3 - (564/9)/(g/9)?
9
Let y be (-21688)/22 + ((-12)/66)/1. Let x = y + 1685. What is the tens digit of x?
9
What is the ten thousands digit of (-19710)/(-1) - (-1008)/126?
1
Let v(m) = -6411*m - 3544. What is the hundreds digit of v(-3)?
6
Suppose -61*s + 19*s + 216200 = 8*s. What is the units digit of s?
4
What is the thousands digit of 15699 - (-4 + (-28)/(-4))?
5
Let o be (2 - 0 - (1 - -4)) + 6. Suppose o*x + 180 = 7*x. Suppose -g - z = -x, 5*z - 89 = -2*g + 10. What is the tens digit of g?
4
Let d(k) = -k**3 - 3*k**2 - 5*k - 5. Let m be d(-2). Let s be ((10 - 4)/(-3))/(m + -3). What is the tens digit of 4/s - (-2380)/10?
4
Let m = 48 - 46. Suppose m*r - 77 = r. Suppose r = g - 38. What is the tens digit of g?
1
Let s(y) = -10*y**3 - 7*y**2 - 36*y - 12. Let u be s(-6). Suppose 17*f - u - 10893 = 0. What is the hundreds digit of f?
7
Suppose 34*p = 52*p + 62*p - 7771120. What is the thousands digit of p?
7
What is the ten thousands digit of (24977 + 4 + -7)/(11 + -9)?
1
Suppose 5*r = l - 40514, -l + 213*r + 40514 = 212*r. What is the units digit of l?
4
Let t be 16/(-12)*(-10827)/18. Let y = -57 + t. What is the hundreds digit of y?
7
Suppose 5*v + 29659 = 3*t + 9028, t - 6*v = 6890. What is the tens digit of t?
7
Let i(z) be the second derivative of 23*z + 8/3*z**3 + 13*z**2 + 0. What is the units digit of i(8)?
4
Suppose 111*w = 100*w - 539. Suppose -852 = 4*r + 4*f, 3*f + 623 = -3*r + 4*f. Let c = w - r. What is the units digit of c?
0
Let o(a) = 3*a**2 - 14*a + 6. Let p be o(7). Let d 